{"id":98,"date":"2024-04-26T18:10:19","date_gmt":"2024-04-26T18:10:19","guid":{"rendered":"https:\/\/wordpress.lg-deiringsen.de\/?page_id=98"},"modified":"2025-01-30T15:23:56","modified_gmt":"2025-01-30T13:23:56","slug":"veranstaltungen","status":"publish","type":"page","link":"https:\/\/lg-deiringsen.de\/?page_id=98","title":{"rendered":"Veranstaltungen"},"content":{"rendered":"\t\t<div data-elementor-type=\"wp-page\" data-elementor-id=\"98\" class=\"elementor elementor-98\">\n\t\t\t\t<div class=\"elementor-element elementor-element-92f11c9 e-con-full e-flex e-con e-parent\" data-id=\"92f11c9\" data-element_type=\"container\">\n\t\t\t\t<div class=\"elementor-element elementor-element-0c988c5 elementor-widget elementor-widget-text-editor\" data-id=\"0c988c5\" data-element_type=\"widget\" data-widget_type=\"text-editor.default\">\n\t\t\t\t<div class=\"elementor-widget-container\">\n\t\t\t\t\t\t\t\t\t<p><a href=\"http:\/\/my.raceresult.com\/324013\/\"><strong>37. M\u00f6hnesee-Pokal-Lauf am 21.09.2025 in M\u00f6hnesee-G\u00fcnne.<\/strong><\/a><\/p>\t\t\t\t\t\t\t\t<\/div>\n\t\t\t\t<\/div>\n\t\t\t\t<\/div>\n\t\t\t\t<\/div>\n\t\t","protected":false},"excerpt":{"rendered":"<p>37. M\u00f6hnesee-Pokal-Lauf am 21.09.2025 in M\u00f6hnesee-G\u00fcnne.<\/p>\n","protected":false},"author":1,"featured_media":0,"parent":0,"menu_order":0,"comment_status":"closed","ping_status":"closed","template":"","meta":{"footnotes":""},"class_list":["post-98","page","type-page","status-publish","hentry","post-preview"],"yoast_head":"<!-- This site is optimized with the Yoast SEO plugin v27.4 - https:\/\/yoast.com\/product\/yoast-seo-wordpress\/ -->\n<title>Veranstaltungen - LG-Deiringsen<\/title>\n<meta name=\"robots\" content=\"index, follow, max-snippet:-1, max-image-preview:large, max-video-preview:-1\" \/>\n<link rel=\"canonical\" href=\"https:\/\/lg-deiringsen.de\/?page_id=98\" \/>\n<meta property=\"og:locale\" content=\"de_DE\" \/>\n<meta property=\"og:type\" content=\"article\" \/>\n<meta property=\"og:title\" content=\"Veranstaltungen - LG-Deiringsen\" \/>\n<meta property=\"og:description\" content=\"37. M\u00f6hnesee-Pokal-Lauf am 21.09.2025 in M\u00f6hnesee-G\u00fcnne.\" \/>\n<meta property=\"og:url\" content=\"https:\/\/lg-deiringsen.de\/?page_id=98\" \/>\n<meta property=\"og:site_name\" content=\"LG-Deiringsen\" \/>\n<meta property=\"article:modified_time\" content=\"2025-01-30T13:23:56+00:00\" \/>\n<meta name=\"twitter:card\" content=\"summary_large_image\" \/>\n<meta name=\"twitter:label1\" content=\"Gesch\u00e4tzte Lesezeit\" \/>\n\t<meta name=\"twitter:data1\" content=\"1\u00a0Minute\" \/>\n<script type=\"application\/ld+json\" class=\"yoast-schema-graph\">{\"@context\":\"https:\\\/\\\/schema.org\",\"@graph\":[{\"@type\":\"WebPage\",\"@id\":\"https:\\\/\\\/lg-deiringsen.de\\\/?page_id=98\",\"url\":\"https:\\\/\\\/lg-deiringsen.de\\\/?page_id=98\",\"name\":\"Veranstaltungen - LG-Deiringsen\",\"isPartOf\":{\"@id\":\"https:\\\/\\\/lg-deiringsen.de\\\/#website\"},\"datePublished\":\"2024-04-26T18:10:19+00:00\",\"dateModified\":\"2025-01-30T13:23:56+00:00\",\"breadcrumb\":{\"@id\":\"https:\\\/\\\/lg-deiringsen.de\\\/?page_id=98#breadcrumb\"},\"inLanguage\":\"de\",\"potentialAction\":[{\"@type\":\"ReadAction\",\"target\":[\"https:\\\/\\\/lg-deiringsen.de\\\/?page_id=98\"]}]},{\"@type\":\"BreadcrumbList\",\"@id\":\"https:\\\/\\\/lg-deiringsen.de\\\/?page_id=98#breadcrumb\",\"itemListElement\":[{\"@type\":\"ListItem\",\"position\":1,\"name\":\"Startseite\",\"item\":\"https:\\\/\\\/lg-deiringsen.de\\\/\"},{\"@type\":\"ListItem\",\"position\":2,\"name\":\"Veranstaltungen\"}]},{\"@type\":\"WebSite\",\"@id\":\"https:\\\/\\\/lg-deiringsen.de\\\/#website\",\"url\":\"https:\\\/\\\/lg-deiringsen.de\\\/\",\"name\":\"LG-Deiringsen\",\"description\":\"\",\"publisher\":{\"@id\":\"https:\\\/\\\/lg-deiringsen.de\\\/#organization\"},\"alternateName\":\"Laufgruppe Deiringsen\",\"potentialAction\":[{\"@type\":\"SearchAction\",\"target\":{\"@type\":\"EntryPoint\",\"urlTemplate\":\"https:\\\/\\\/lg-deiringsen.de\\\/?s={search_term_string}\"},\"query-input\":{\"@type\":\"PropertyValueSpecification\",\"valueRequired\":true,\"valueName\":\"search_term_string\"}}],\"inLanguage\":\"de\"},{\"@type\":\"Organization\",\"@id\":\"https:\\\/\\\/lg-deiringsen.de\\\/#organization\",\"name\":\"LG-Deiringsen\",\"url\":\"https:\\\/\\\/lg-deiringsen.de\\\/\",\"logo\":{\"@type\":\"ImageObject\",\"inLanguage\":\"de\",\"@id\":\"https:\\\/\\\/lg-deiringsen.de\\\/#\\\/schema\\\/logo\\\/image\\\/\",\"url\":\"https:\\\/\\\/lg-deiringsen.de\\\/wp-content\\\/uploads\\\/2024\\\/04\\\/logotrans100.png\",\"contentUrl\":\"https:\\\/\\\/lg-deiringsen.de\\\/wp-content\\\/uploads\\\/2024\\\/04\\\/logotrans100.png\",\"width\":100,\"height\":100,\"caption\":\"LG-Deiringsen\"},\"image\":{\"@id\":\"https:\\\/\\\/lg-deiringsen.de\\\/#\\\/schema\\\/logo\\\/image\\\/\"}}]}<\/script>\n<!-- \/ Yoast SEO plugin. -->","yoast_head_json":{"title":"Veranstaltungen - LG-Deiringsen","robots":{"index":"index","follow":"follow","max-snippet":"max-snippet:-1","max-image-preview":"max-image-preview:large","max-video-preview":"max-video-preview:-1"},"canonical":"https:\/\/lg-deiringsen.de\/?page_id=98","og_locale":"de_DE","og_type":"article","og_title":"Veranstaltungen - LG-Deiringsen","og_description":"37. M\u00f6hnesee-Pokal-Lauf am 21.09.2025 in M\u00f6hnesee-G\u00fcnne.","og_url":"https:\/\/lg-deiringsen.de\/?page_id=98","og_site_name":"LG-Deiringsen","article_modified_time":"2025-01-30T13:23:56+00:00","twitter_card":"summary_large_image","twitter_misc":{"Gesch\u00e4tzte Lesezeit":"1\u00a0Minute"},"schema":{"@context":"https:\/\/schema.org","@graph":[{"@type":"WebPage","@id":"https:\/\/lg-deiringsen.de\/?page_id=98","url":"https:\/\/lg-deiringsen.de\/?page_id=98","name":"Veranstaltungen - LG-Deiringsen","isPartOf":{"@id":"https:\/\/lg-deiringsen.de\/#website"},"datePublished":"2024-04-26T18:10:19+00:00","dateModified":"2025-01-30T13:23:56+00:00","breadcrumb":{"@id":"https:\/\/lg-deiringsen.de\/?page_id=98#breadcrumb"},"inLanguage":"de","potentialAction":[{"@type":"ReadAction","target":["https:\/\/lg-deiringsen.de\/?page_id=98"]}]},{"@type":"BreadcrumbList","@id":"https:\/\/lg-deiringsen.de\/?page_id=98#breadcrumb","itemListElement":[{"@type":"ListItem","position":1,"name":"Startseite","item":"https:\/\/lg-deiringsen.de\/"},{"@type":"ListItem","position":2,"name":"Veranstaltungen"}]},{"@type":"WebSite","@id":"https:\/\/lg-deiringsen.de\/#website","url":"https:\/\/lg-deiringsen.de\/","name":"LG-Deiringsen","description":"","publisher":{"@id":"https:\/\/lg-deiringsen.de\/#organization"},"alternateName":"Laufgruppe Deiringsen","potentialAction":[{"@type":"SearchAction","target":{"@type":"EntryPoint","urlTemplate":"https:\/\/lg-deiringsen.de\/?s={search_term_string}"},"query-input":{"@type":"PropertyValueSpecification","valueRequired":true,"valueName":"search_term_string"}}],"inLanguage":"de"},{"@type":"Organization","@id":"https:\/\/lg-deiringsen.de\/#organization","name":"LG-Deiringsen","url":"https:\/\/lg-deiringsen.de\/","logo":{"@type":"ImageObject","inLanguage":"de","@id":"https:\/\/lg-deiringsen.de\/#\/schema\/logo\/image\/","url":"https:\/\/lg-deiringsen.de\/wp-content\/uploads\/2024\/04\/logotrans100.png","contentUrl":"https:\/\/lg-deiringsen.de\/wp-content\/uploads\/2024\/04\/logotrans100.png","width":100,"height":100,"caption":"LG-Deiringsen"},"image":{"@id":"https:\/\/lg-deiringsen.de\/#\/schema\/logo\/image\/"}}]}},"_links":{"self":[{"href":"https:\/\/lg-deiringsen.de\/index.php?rest_route=\/wp\/v2\/pages\/98","targetHints":{"allow":["GET"]}}],"collection":[{"href":"https:\/\/lg-deiringsen.de\/index.php?rest_route=\/wp\/v2\/pages"}],"about":[{"href":"https:\/\/lg-deiringsen.de\/index.php?rest_route=\/wp\/v2\/types\/page"}],"author":[{"embeddable":true,"href":"https:\/\/lg-deiringsen.de\/index.php?rest_route=\/wp\/v2\/users\/1"}],"replies":[{"embeddable":true,"href":"https:\/\/lg-deiringsen.de\/index.php?rest_route=%2Fwp%2Fv2%2Fcomments&post=98"}],"version-history":[{"count":16,"href":"https:\/\/lg-deiringsen.de\/index.php?rest_route=\/wp\/v2\/pages\/98\/revisions"}],"predecessor-version":[{"id":1327,"href":"https:\/\/lg-deiringsen.de\/index.php?rest_route=\/wp\/v2\/pages\/98\/revisions\/1327"}],"wp:attachment":[{"href":"https:\/\/lg-deiringsen.de\/index.php?rest_route=%2Fwp%2Fv2%2Fmedia&parent=98"}],"curies":[{"name":"wp","href":"https:\/\/api.w.org\/{rel}","templated":true}]}}