{"id":38,"date":"2024-04-24T16:59:29","date_gmt":"2024-04-24T16:59:29","guid":{"rendered":"https:\/\/wordpress.lg-deiringsen.de\/?page_id=38"},"modified":"2024-06-13T03:30:19","modified_gmt":"2024-06-13T01:30:19","slug":"der-verein","status":"publish","type":"page","link":"https:\/\/lg-deiringsen.de\/?page_id=38","title":{"rendered":"Der Verein"},"content":{"rendered":"\n<h3 class=\"wp-block-heading\">Die Laufgruppe Deiringsen stellt sich vor<\/h3>\n\n\n\n<p>Die Laufgruppe Deiringsen ist deine Adresse f\u00fcr ambitionierten Laufvereins-Sport, von Mitteldistanzen bis hin zum Ultramarathon. Unser Ziel ist es, durch langj\u00e4hrige Erfahrung und umfassendes Know-how jedem Laufsportinteressierten eine sportliche Heimat zu bieten.<\/p>\n\n\n\n<h4 class=\"wp-block-heading\"><strong>Wir sind gelb &#8211; stark im Team und machen dir Beine!<\/strong><\/h4>\n\n\n\n<h4 class=\"wp-block-heading\">F\u00fcr alle L\u00e4ufer<\/h4>\n\n\n\n<p>Egal, ob du ein Beginner, Einsteiger, fortgeschrittener oder erfahrener L\u00e4ufer bist \u2013 bei uns findest du die Unterst\u00fctzung, die du brauchst. Besonders wichtig ist uns die Nachwuchsf\u00f6rderung und der Aufbau von Talenten im Laufsport.<\/p>\n\n\n\n<h4 class=\"wp-block-heading\">Trainingsaufbau<\/h4>\n\n\n\n<p>Unser Training umfasst nicht nur das Laufen, sondern auch Kraft- und Athletiktraining, Pr\u00e4ventionsma\u00dfnahmen und Laufaktionen wie die GoRun Laufschule. Wir bereiten dich auf den Silvesterlauf vor und bieten Beratung zur richtigen Ern\u00e4hrung.<\/p>\n\n\n\n<h4 class=\"wp-block-heading\">Unsere Angebote<\/h4>\n\n\n\n<ul class=\"wp-block-list\">\n<li><strong>Distanzen:<\/strong> Von der Mittelstrecke bis zum Ultramarathon<\/li>\n\n\n\n<li><strong>Begleitung:<\/strong> Wir optimieren das Training, analysieren Istzust\u00e4nde und schaffen Verbesserungen<\/li>\n\n\n\n<li><strong>Trainingspl\u00e4ne und Leistungsdiagnostik:<\/strong> Feststellung der aeroben und anaeroben Ausdauer, Laktatstufentest, Videoanalyse<\/li>\n\n\n\n<li><strong>Ausr\u00fcstungsberatung:<\/strong> Kooperationen mit Sportgesch\u00e4ften im Kreis Soest<\/li>\n\n\n\n<li><strong>Training:<\/strong> Bei uns besteht die M\u00f6glichkeit an 5 Tagen in der Woche zu trainieren, wir haben ein eigenes <strong>Fitnesscenter<\/strong> und einer <strong>Outdoor-Trainingsanlage<\/strong> in M\u00f6hnesee-G\u00fcnne<\/li>\n<\/ul>\n\n\n\n<h4 class=\"wp-block-heading\">Weitere Leistungen<\/h4>\n\n\n\n<ul class=\"wp-block-list\">\n<li><strong>Kooperation mit Soester Schulen:<\/strong> F\u00fcr die umfassende Nachwuchsf\u00f6rderung<\/li>\n\n\n\n<li><strong>Kostenlose Mitgliedschaft:<\/strong> F\u00f6rderung f\u00fcr sozial und k\u00f6rperlich benachteiligte Kinder und Mitmenschen<\/li>\n\n\n\n<li><strong>Projektbeteiligung:<\/strong> Seit 2015 Teilnahme am Projekt &#8222;Sport f\u00fcr Fl\u00fcchtlinge in NRW&#8220;<\/li>\n\n\n\n<li><strong>Triathlon:<\/strong> Mitgliedschaft im Triathlonverband NRW<\/li>\n\n\n\n<li><strong>Workshops:<\/strong> Laufen und Gesundheit mit Experten wie Prof. Dr. K. Hottenrott, Lothar P\u00f6hlitz und Friederike (Iki) Feil<\/li>\n\n\n\n<li><strong>Kurse:<\/strong> Selbstverteidigungs- und Kampfsportseminare wie Krav Maga und Fitnessboxen<\/li>\n\n\n\n<li><strong>Ern\u00e4hrungsberatung<\/strong><\/li>\n\n\n\n<li><strong>Gesundheits-, Lauf- und Fitnesstreff f\u00fcr Unternehmen<\/strong><\/li>\n\n\n\n<li><strong>Spendenvergabe <\/strong>an gemeinn\u00fctzige Institutionen durch eigene Laufveranstaltungen, bis heute insgesamt ca. 51.000 Euro<\/li>\n<\/ul>\n\n\n\n<h4 class=\"wp-block-heading\">Besondere Events<\/h4>\n\n\n\n<ul class=\"wp-block-list\">\n<li><strong>M\u00f6hnesee-Pokal-Lauf:<\/strong> J\u00e4hrlich im Juni, eine besondere Herausforderung<\/li>\n\n\n\n<li><strong>Trainingslager und Vereinsfahrten:<\/strong> Familienausfl\u00fcge zur Insel Ameland oder Trainings auf dem Rothaarsteig, j\u00e4hrliche Vereinsfahrt zum \u00e4ltesten Marathon in Europa in Enschede<\/li>\n<\/ul>\n\n\n\n<p>Als eingetragener Verein sind wir unseren Mitgliedern und der Gemeinschaft verpflichtet. Die meisten unserer Angebote sind kostenfrei. Wir erbringen viele soziale Leistungen f\u00fcr Bed\u00fcrftige und Institutionen, wie z.B. den Stadtparkstaffel-Lauf, Spenden f\u00fcr das Soester Tierheim, die Soester Tafel und das LIZ M\u00f6hnesee.<\/p>\n\n\n\n<p><strong>Werde Teil der Laufgruppe Deiringsen und erlebe die Freude am Laufen in einer starken Gemeinschaft!<\/strong><\/p>\n\n\n\n<h3 class=\"wp-block-heading\">Kontakt<\/h3>\n\n\n\n<p>Vorsitzender und Vereinsgr\u00fcnder: Dieter Schenzer, Alte Dorfstr. 49, 59494 Soest, Telefon: 02921 62769, E-Mail: <a href=\"mailto:schenzer@lg-deiringsen.de\">schenzer@lg-deiringsen.de<\/a><\/p>\n\n\n\n<h3 class=\"wp-block-heading\">Historie und Zahlen<\/h3>\n\n\n\n<p>Die Laufgruppe Deiringsen wurde im November 1986 als eingetragener und gemeinn\u00fctziger Verein gegr\u00fcndet. Wir sind Mitglied beim DLV\/FLVW, DTU (Deutscher Triathlon Verband), Stadtsportverband Soest, Kreissportbund und der IGL (Interessengemeinschaft der Langstreckenl\u00e4ufer).<\/p>\n\n\n\n<h4 class=\"wp-block-heading\">Aktive Mitglieder und Trainer<\/h4>\n\n\n\n<p>Derzeit z\u00e4hlen wir 194 aktive Mitglieder, darunter einen DLV-Trainer f\u00fcr Leistungssport, sechs \u00dcbungsleiter, einen DLV-Stra\u00dfen-Laufvermesser (IAAF\/AIMS) und drei Sportmediziner.<\/p>\n\n\n\n<h4 class=\"wp-block-heading\">Auszeichnungen und Erfolge<\/h4>\n\n\n\n<p>Unser Gr\u00fcnder und 1. Vorsitzende, Dieter Schenzer, wurde f\u00fcr seine langj\u00e4hrigen Verdienste um den Sport in Westfalen mit der Verdienstnadel in Silber (2011), der silbernen Ehrennadel des DLV (2016), der Verdienstnadel in Gold (2018) und der goldenen Ehrennadel des DLV (2023) geehrt.<\/p>\n\n\n\n<h3 class=\"wp-block-heading\"><strong>Meisterschaften<\/strong><\/h3>\n\n\n\n<h4 class=\"wp-block-heading\">Deutsche Meisterschaften<\/h4>\n\n\n\n<ul class=\"wp-block-list\">\n<li>1. Deutscher Mannschafts-Meister im Ultramarathon \u00fcber 50 km (2000, 2001) und 2 Altersklassensieger<\/li>\n\n\n\n<li>1. Deutscher Meister im Halbmarathon (Dirk Kellner, Mitte der 90er in 1:06 Std.)<\/li>\n\n\n\n<li>3. Deutscher Meister im Halbmarathon (Frank Schumann, 2010, M50)<\/li>\n\n\n\n<li>3. Deutscher Meister im 24-Stunden-Ultralauf (Helmut Grewing, 2013, 164,4 km)<\/li>\n\n\n\n<li>4. Deutscher Meister Duathlon 2011 (Frank Schumann)<\/li>\n\n\n\n<li>5. Deutscher Meister Marathon 2010 (Frank Schumann, M50 )<\/li>\n<\/ul>\n\n\n\n<h4 class=\"wp-block-heading\">Westdeutsche Meisterschaften<\/h4>\n\n\n\n<p>Siege und Podiumspl\u00e4tze in verschiedenen Altersklassen und Disziplinen<\/p>\n\n\n\n<ul class=\"wp-block-list\">\n<li>Marathon in Essen 2004 (Platz AK: Elke Saalbach und Ortwin Roye)<\/li>\n\n\n\n<li>Stra\u00dfenlauf 10km 2012 (Mannschaftsmeister in der M50, sowie zwei 2. Pl\u00e4tze in den Altersklassen)<\/li>\n\n\n\n<li>Halbmarathon in Dormagen 2013 (Mannschaftssieger in der M50 sowie 3. mit der 2. Mannschaft M50, 3. Platz mit der Mannschaft M45, sowie ein 3. Platz in der AK-M60)<\/li>\n\n\n\n<li>Marathon Gelsenkirchen 2014 (Westdt. Meister in der M50 &#8211; Michael Schneider, 4. Westdt. Meister M55 &#8211; Manfred Hess)<\/li>\n<\/ul>\n\n\n\n<h4 class=\"wp-block-heading\">NRW Meisterschaften und besondere Laufleistungen<\/h4>\n\n\n\n<ul class=\"wp-block-list\">\n<li>Mehrere Siege und Podiumspl\u00e4tze bei NRW-Meisterschaften und Ultramarathonl\u00e4ufen<\/li>\n\n\n\n<li>Herausragende Leistungen von Christof Marquardt und Angela Moesch<\/li>\n<\/ul>\n\n\n\n<h3 class=\"wp-block-heading\">Eigene Veranstaltungen<\/h3>\n\n\n\n<h4 class=\"wp-block-heading\">Triathlon und Duathlon<\/h4>\n\n\n\n<ul class=\"wp-block-list\">\n<li>Erster Triathlon im September 1990<\/li>\n\n\n\n<li>Erster B\u00f6rde-Duathlon am 1. Mai 1993<\/li>\n<\/ul>\n\n\n\n<h4 class=\"wp-block-heading\">Stadtpark-Staffellauf<\/h4>\n\n\n\n<ul class=\"wp-block-list\">\n<li>21 Jahre lang ausgerichtet mit insgesamt 45.000 Euro Spenden f\u00fcr gemeinn\u00fctzige und bed\u00fcrftige Organisationen (bis heute 51.000 Euro ausgesch\u00fcttet)<\/li>\n<\/ul>\n\n\n\n<h4 class=\"wp-block-heading\">M\u00f6hnesee-Pokal-Lauf<\/h4>\n\n\n\n<ul class=\"wp-block-list\">\n<li>Seit 1988 jedes Jahr eine besondere Herausforderung<\/li>\n<\/ul>\n\n\n\n<p><\/p>\n","protected":false},"excerpt":{"rendered":"<p>Die Laufgruppe Deiringsen stellt sich vor Die Laufgruppe Deiringsen ist deine Adresse f\u00fcr ambitionierten Laufvereins-Sport, von Mitteldistanzen bis hin zum Ultramarathon. Unser Ziel ist es, durch langj\u00e4hrige Erfahrung und umfassendes [&hellip;]<\/p>\n","protected":false},"author":1,"featured_media":0,"parent":0,"menu_order":0,"comment_status":"closed","ping_status":"closed","template":"","meta":{"footnotes":""},"class_list":["post-38","page","type-page","status-publish","hentry","post-preview"],"yoast_head":"<!-- This site is optimized with the Yoast SEO plugin v27.4 - https:\/\/yoast.com\/product\/yoast-seo-wordpress\/ -->\n<title>Der Verein - LG-Deiringsen<\/title>\n<meta name=\"robots\" content=\"index, follow, max-snippet:-1, max-image-preview:large, max-video-preview:-1\" \/>\n<link rel=\"canonical\" href=\"https:\/\/lg-deiringsen.de\/?page_id=38\" \/>\n<meta property=\"og:locale\" content=\"de_DE\" \/>\n<meta property=\"og:type\" content=\"article\" \/>\n<meta property=\"og:title\" content=\"Der Verein - LG-Deiringsen\" \/>\n<meta property=\"og:description\" content=\"Die Laufgruppe Deiringsen stellt sich vor Die Laufgruppe Deiringsen ist deine Adresse f\u00fcr ambitionierten Laufvereins-Sport, von Mitteldistanzen bis hin zum Ultramarathon. Unser Ziel ist es, durch langj\u00e4hrige Erfahrung und umfassendes [&hellip;]\" \/>\n<meta property=\"og:url\" content=\"https:\/\/lg-deiringsen.de\/?page_id=38\" \/>\n<meta property=\"og:site_name\" content=\"LG-Deiringsen\" \/>\n<meta property=\"article:modified_time\" content=\"2024-06-13T01:30:19+00:00\" \/>\n<meta name=\"twitter:card\" content=\"summary_large_image\" \/>\n<meta name=\"twitter:label1\" content=\"Gesch\u00e4tzte Lesezeit\" \/>\n\t<meta name=\"twitter:data1\" content=\"4\u00a0Minuten\" \/>\n<script type=\"application\/ld+json\" class=\"yoast-schema-graph\">{\"@context\":\"https:\\\/\\\/schema.org\",\"@graph\":[{\"@type\":\"WebPage\",\"@id\":\"https:\\\/\\\/lg-deiringsen.de\\\/?page_id=38\",\"url\":\"https:\\\/\\\/lg-deiringsen.de\\\/?page_id=38\",\"name\":\"Der Verein - LG-Deiringsen\",\"isPartOf\":{\"@id\":\"https:\\\/\\\/lg-deiringsen.de\\\/#website\"},\"datePublished\":\"2024-04-24T16:59:29+00:00\",\"dateModified\":\"2024-06-13T01:30:19+00:00\",\"breadcrumb\":{\"@id\":\"https:\\\/\\\/lg-deiringsen.de\\\/?page_id=38#breadcrumb\"},\"inLanguage\":\"de\",\"potentialAction\":[{\"@type\":\"ReadAction\",\"target\":[\"https:\\\/\\\/lg-deiringsen.de\\\/?page_id=38\"]}]},{\"@type\":\"BreadcrumbList\",\"@id\":\"https:\\\/\\\/lg-deiringsen.de\\\/?page_id=38#breadcrumb\",\"itemListElement\":[{\"@type\":\"ListItem\",\"position\":1,\"name\":\"Startseite\",\"item\":\"https:\\\/\\\/lg-deiringsen.de\\\/\"},{\"@type\":\"ListItem\",\"position\":2,\"name\":\"Der Verein\"}]},{\"@type\":\"WebSite\",\"@id\":\"https:\\\/\\\/lg-deiringsen.de\\\/#website\",\"url\":\"https:\\\/\\\/lg-deiringsen.de\\\/\",\"name\":\"LG-Deiringsen\",\"description\":\"\",\"publisher\":{\"@id\":\"https:\\\/\\\/lg-deiringsen.de\\\/#organization\"},\"alternateName\":\"Laufgruppe Deiringsen\",\"potentialAction\":[{\"@type\":\"SearchAction\",\"target\":{\"@type\":\"EntryPoint\",\"urlTemplate\":\"https:\\\/\\\/lg-deiringsen.de\\\/?s={search_term_string}\"},\"query-input\":{\"@type\":\"PropertyValueSpecification\",\"valueRequired\":true,\"valueName\":\"search_term_string\"}}],\"inLanguage\":\"de\"},{\"@type\":\"Organization\",\"@id\":\"https:\\\/\\\/lg-deiringsen.de\\\/#organization\",\"name\":\"LG-Deiringsen\",\"url\":\"https:\\\/\\\/lg-deiringsen.de\\\/\",\"logo\":{\"@type\":\"ImageObject\",\"inLanguage\":\"de\",\"@id\":\"https:\\\/\\\/lg-deiringsen.de\\\/#\\\/schema\\\/logo\\\/image\\\/\",\"url\":\"https:\\\/\\\/lg-deiringsen.de\\\/wp-content\\\/uploads\\\/2024\\\/04\\\/logotrans100.png\",\"contentUrl\":\"https:\\\/\\\/lg-deiringsen.de\\\/wp-content\\\/uploads\\\/2024\\\/04\\\/logotrans100.png\",\"width\":100,\"height\":100,\"caption\":\"LG-Deiringsen\"},\"image\":{\"@id\":\"https:\\\/\\\/lg-deiringsen.de\\\/#\\\/schema\\\/logo\\\/image\\\/\"}}]}<\/script>\n<!-- \/ Yoast SEO plugin. -->","yoast_head_json":{"title":"Der Verein - LG-Deiringsen","robots":{"index":"index","follow":"follow","max-snippet":"max-snippet:-1","max-image-preview":"max-image-preview:large","max-video-preview":"max-video-preview:-1"},"canonical":"https:\/\/lg-deiringsen.de\/?page_id=38","og_locale":"de_DE","og_type":"article","og_title":"Der Verein - LG-Deiringsen","og_description":"Die Laufgruppe Deiringsen stellt sich vor Die Laufgruppe Deiringsen ist deine Adresse f\u00fcr ambitionierten Laufvereins-Sport, von Mitteldistanzen bis hin zum Ultramarathon. Unser Ziel ist es, durch langj\u00e4hrige Erfahrung und umfassendes [&hellip;]","og_url":"https:\/\/lg-deiringsen.de\/?page_id=38","og_site_name":"LG-Deiringsen","article_modified_time":"2024-06-13T01:30:19+00:00","twitter_card":"summary_large_image","twitter_misc":{"Gesch\u00e4tzte Lesezeit":"4\u00a0Minuten"},"schema":{"@context":"https:\/\/schema.org","@graph":[{"@type":"WebPage","@id":"https:\/\/lg-deiringsen.de\/?page_id=38","url":"https:\/\/lg-deiringsen.de\/?page_id=38","name":"Der Verein - LG-Deiringsen","isPartOf":{"@id":"https:\/\/lg-deiringsen.de\/#website"},"datePublished":"2024-04-24T16:59:29+00:00","dateModified":"2024-06-13T01:30:19+00:00","breadcrumb":{"@id":"https:\/\/lg-deiringsen.de\/?page_id=38#breadcrumb"},"inLanguage":"de","potentialAction":[{"@type":"ReadAction","target":["https:\/\/lg-deiringsen.de\/?page_id=38"]}]},{"@type":"BreadcrumbList","@id":"https:\/\/lg-deiringsen.de\/?page_id=38#breadcrumb","itemListElement":[{"@type":"ListItem","position":1,"name":"Startseite","item":"https:\/\/lg-deiringsen.de\/"},{"@type":"ListItem","position":2,"name":"Der Verein"}]},{"@type":"WebSite","@id":"https:\/\/lg-deiringsen.de\/#website","url":"https:\/\/lg-deiringsen.de\/","name":"LG-Deiringsen","description":"","publisher":{"@id":"https:\/\/lg-deiringsen.de\/#organization"},"alternateName":"Laufgruppe Deiringsen","potentialAction":[{"@type":"SearchAction","target":{"@type":"EntryPoint","urlTemplate":"https:\/\/lg-deiringsen.de\/?s={search_term_string}"},"query-input":{"@type":"PropertyValueSpecification","valueRequired":true,"valueName":"search_term_string"}}],"inLanguage":"de"},{"@type":"Organization","@id":"https:\/\/lg-deiringsen.de\/#organization","name":"LG-Deiringsen","url":"https:\/\/lg-deiringsen.de\/","logo":{"@type":"ImageObject","inLanguage":"de","@id":"https:\/\/lg-deiringsen.de\/#\/schema\/logo\/image\/","url":"https:\/\/lg-deiringsen.de\/wp-content\/uploads\/2024\/04\/logotrans100.png","contentUrl":"https:\/\/lg-deiringsen.de\/wp-content\/uploads\/2024\/04\/logotrans100.png","width":100,"height":100,"caption":"LG-Deiringsen"},"image":{"@id":"https:\/\/lg-deiringsen.de\/#\/schema\/logo\/image\/"}}]}},"_links":{"self":[{"href":"https:\/\/lg-deiringsen.de\/index.php?rest_route=\/wp\/v2\/pages\/38","targetHints":{"allow":["GET"]}}],"collection":[{"href":"https:\/\/lg-deiringsen.de\/index.php?rest_route=\/wp\/v2\/pages"}],"about":[{"href":"https:\/\/lg-deiringsen.de\/index.php?rest_route=\/wp\/v2\/types\/page"}],"author":[{"embeddable":true,"href":"https:\/\/lg-deiringsen.de\/index.php?rest_route=\/wp\/v2\/users\/1"}],"replies":[{"embeddable":true,"href":"https:\/\/lg-deiringsen.de\/index.php?rest_route=%2Fwp%2Fv2%2Fcomments&post=38"}],"version-history":[{"count":7,"href":"https:\/\/lg-deiringsen.de\/index.php?rest_route=\/wp\/v2\/pages\/38\/revisions"}],"predecessor-version":[{"id":1071,"href":"https:\/\/lg-deiringsen.de\/index.php?rest_route=\/wp\/v2\/pages\/38\/revisions\/1071"}],"wp:attachment":[{"href":"https:\/\/lg-deiringsen.de\/index.php?rest_route=%2Fwp%2Fv2%2Fmedia&parent=38"}],"curies":[{"name":"wp","href":"https:\/\/api.w.org\/{rel}","templated":true}]}}